{"id":3902,"date":"2020-12-10T20:06:14","date_gmt":"2020-12-10T20:06:14","guid":{"rendered":"https:\/\/eni.ulpgc.es\/?page_id=3902"},"modified":"2021-10-01T21:57:36","modified_gmt":"2021-10-01T21:57:36","slug":"aviso-legal","status":"publish","type":"page","link":"https:\/\/eni.ulpgc.es\/index.php\/aviso-legal\/","title":{"rendered":"Aviso Legal"},"content":{"rendered":"<p style=\"text-align: justify;\"><div class=\"fusion-fullwidth fullwidth-box fusion-builder-row-1 fusion-flex-container nonhundred-percent-fullwidth non-hundred-percent-height-scrolling\" style=\"--awb-border-radius-top-left:0px;--awb-border-radius-top-right:0px;--awb-border-radius-bottom-right:0px;--awb-border-radius-bottom-left:0px;\" ><div class=\"fusion-builder-row fusion-row fusion-flex-align-items-flex-start\" style=\"max-width:1497.6px;margin-left: calc(-4% \/ 2 );margin-right: calc(-4% \/ 2 );\"><div class=\"fusion-layout-column fusion_builder_column fusion-builder-column-0 fusion_builder_column_1_1 1_1 fusion-flex-column\" style=\"--awb-bg-size:cover;--awb-width-large:100%;--awb-margin-top-large:0px;--awb-spacing-right-large:1.92%;--awb-margin-bottom-large:20px;--awb-spacing-left-large:1.92%;--awb-width-medium:100%;--awb-order-medium:0;--awb-spacing-right-medium:1.92%;--awb-spacing-left-medium:1.92%;--awb-width-small:100%;--awb-order-small:0;--awb-spacing-right-small:1.92%;--awb-spacing-left-small:1.92%;\"><div class=\"fusion-column-wrapper fusion-column-has-shadow fusion-flex-justify-content-flex-start fusion-content-layout-column\"><div class=\"fusion-title title fusion-title-1 fusion-sep-none fusion-title-text fusion-title-size-one\" style=\"--awb-margin-bottom:2px;\"><h1 class=\"title-heading-left\" style=\"margin:0;\"><p style=\"text-align: justify;\">Aviso Legal<\/p>\n<p style=\"text-align: justify;\"><\/h1><\/div><div class=\"fusion-separator fusion-full-width-sep\" style=\"align-self: center;margin-left: auto;margin-right: auto;width:100%;\"><div class=\"fusion-separator-border sep-single\" style=\"--awb-height:20px;--awb-amount:20px;border-color:#ffa100;border-top-width:4px;\"><\/div><\/div><\/div><\/div><\/div><\/div><div class=\"fusion-fullwidth fullwidth-box fusion-builder-row-2 fusion-flex-container nonhundred-percent-fullwidth non-hundred-percent-height-scrolling\" style=\"--awb-border-radius-top-left:0px;--awb-border-radius-top-right:0px;--awb-border-radius-bottom-right:0px;--awb-border-radius-bottom-left:0px;\" ><div class=\"fusion-builder-row fusion-row fusion-flex-align-items-flex-start\" style=\"max-width:1497.6px;margin-left: calc(-4% \/ 2 );margin-right: calc(-4% \/ 2 );\"><div class=\"fusion-layout-column fusion_builder_column fusion-builder-column-1 fusion_builder_column_1_1 1_1 fusion-flex-column\" style=\"--awb-bg-size:cover;--awb-width-large:100%;--awb-margin-top-large:0px;--awb-spacing-right-large:1.92%;--awb-margin-bottom-large:20px;--awb-spacing-left-large:1.92%;--awb-width-medium:100%;--awb-order-medium:0;--awb-spacing-right-medium:1.92%;--awb-spacing-left-medium:1.92%;--awb-width-small:100%;--awb-order-small:0;--awb-spacing-right-small:1.92%;--awb-spacing-left-small:1.92%;\"><div class=\"fusion-column-wrapper fusion-column-has-shadow fusion-flex-justify-content-flex-start fusion-content-layout-column\"><div class=\"fusion-text fusion-text-1\"><h2 id=\"p7165118\" style=\"text-align: justify;\">Titular y contacto<\/h2>\n<p id=\"p7165101\" style=\"text-align: justify;\">El titular del sitio web <a href=\"https:\/\/eni.ulpgc.es\">https:\/\/eni.ulpgc.es<\/a> es la Universidad de Las Palmas de Gran Canaria (ULPGC), con domicilio social en la calle Juan de Quesada, 30, de Las Palmas de Gran Canaria (Espa\u00f1a), con CIF Q-3518001-G.<\/p>\n<p class=\"western\" style=\"text-align: justify;\"><span lang=\"es-ES\">La unidad responsable de este sitio web es el Grupo Estrategia y Negocios Internacionales (ENI)<\/span><\/p>\n<p class=\"western\" style=\"text-align: justify;\">Direcciones de contacto:<\/p>\n<ul style=\"text-align: justify;\">\n<li>\n<p class=\"western\">Tel\u00e9fonos: 928 45 8141 (8138, 8139)<\/p>\n<\/li>\n<li>\n<p class=\"western\">Correo electr\u00f3nico: <a href=\"mailto:grupoeni@ulpgc.es\" target=\"_blank\" rel=\"noopener noreferrer\">grupoeni@ulpgc.es<\/a><\/p>\n<\/li>\n<\/ul>\n<h2 id=\"p7165106\" style=\"text-align: justify;\">Finalidad del sitio web<\/h2>\n<p style=\"text-align: justify;\">El sitio web\u00a0<a href=\"https:\/\/eni.ulpgc.es\/\">https:\/\/eni.ulpgc.es\/<\/a> proporciona todo tipo de contenidos y servicios relacionados con las actividades propias del <span lang=\"es-ES\">Grupo Estrategia y Negocios Internacionales (ENI)<\/span>: <span lang=\"es-ES\">docencia, investigaci\u00f3n, divulgaci\u00f3n, actividades culturales<\/span>, etc. Estos contenidos y servicios se ofrecen, seg\u00fan cada caso, al p\u00fablico en general y a los miembros de la comunidad universitaria que cuenten con la debida autorizaci\u00f3n.<\/p>\n<p style=\"text-align: justify;\">La Universidad de Las Palmas de Gran canaria no asume ninguna responsabilidad relacionada con contenidos ajenos al dominio \u00abulpgc.es\u00bb que est\u00e9n enlazados desde este sitio web.<\/p>\n<h2 id=\"p7165108\" style=\"text-align: justify;\">Propiedad intelectual e industrial<\/h2>\n<p id=\"p7165109\" style=\"text-align: justify;\">Salvo cuando se indique otra cosa, los textos, im\u00e1genes, sonidos, animaciones, software y otra clase de contenidos incluidos en esta web son propiedad exclusiva de la ULPGC, o bien la ULPGC est\u00e1 debidamente autorizada a utilizar el material publicado. Con car\u00e1cter general, cualquier acto de transmisi\u00f3n, distribuci\u00f3n, cesi\u00f3n, reproducci\u00f3n, comercializaci\u00f3n, almacenamiento, comunicaci\u00f3n p\u00fablica o transformaci\u00f3n, total o parcial, necesita la autorizaci\u00f3n previa escrita de la ULPGC.<\/p>\n<h2 id=\"p7165116\" style=\"text-align: justify;\">Uso de cookies<\/h2>\n<ul style=\"text-align: justify;\">\n<li>Este sitio web\u00a0<strong>no<\/strong>\u00a0utiliza\u00a0<em>cookies<\/em>.<\/li>\n<\/ul>\n<h2 style=\"text-align: justify;\">Accesibilidad<\/h2>\n<ul class=\"vinyeta_enlace\" style=\"text-align: justify;\">\n<li><a href=\"https:\/\/www.ulpgc.es\/sobre-esta-web\/accesibilidad\" target=\"_blank\" rel=\"noopener noreferrer\">Criterios de accesibilidad del sitio web<\/a><\/li>\n<\/ul>\n<h2 id=\"p7165110\" style=\"text-align: justify;\">Tratamiento de datos de car\u00e1cter personal<\/h2>\n<ul class=\"vinyeta_enlace\" style=\"text-align: justify;\">\n<li><a href=\"https:\/\/www.ulpgc.es\/sobre-esta-web\/tratamiento-datos-personales\" target=\"_blank\" rel=\"noopener noreferrer\">Pol\u00edtica de tratamiento de datos de car\u00e1cter personal<\/a><\/li>\n<\/ul>\n<p style=\"text-align: justify;\">\n<\/div><\/div><\/div><\/div><\/div><\/p>\n","protected":false},"excerpt":{"rendered":"","protected":false},"author":1,"featured_media":0,"parent":0,"menu_order":0,"comment_status":"closed","ping_status":"closed","template":"","meta":[],"_links":{"self":[{"href":"https:\/\/eni.ulpgc.es\/index.php\/wp-json\/wp\/v2\/pages\/3902"}],"collection":[{"href":"https:\/\/eni.ulpgc.es\/index.php\/wp-json\/wp\/v2\/pages"}],"about":[{"href":"https:\/\/eni.ulpgc.es\/index.php\/wp-json\/wp\/v2\/types\/page"}],"author":[{"embeddable":true,"href":"https:\/\/eni.ulpgc.es\/index.php\/wp-json\/wp\/v2\/users\/1"}],"replies":[{"embeddable":true,"href":"https:\/\/eni.ulpgc.es\/index.php\/wp-json\/wp\/v2\/comments?post=3902"}],"version-history":[{"count":8,"href":"https:\/\/eni.ulpgc.es\/index.php\/wp-json\/wp\/v2\/pages\/3902\/revisions"}],"predecessor-version":[{"id":4232,"href":"https:\/\/eni.ulpgc.es\/index.php\/wp-json\/wp\/v2\/pages\/3902\/revisions\/4232"}],"wp:attachment":[{"href":"https:\/\/eni.ulpgc.es\/index.php\/wp-json\/wp\/v2\/media?parent=3902"}],"curies":[{"name":"wp","href":"https:\/\/api.w.org\/{rel}","templated":true}]}}