{"id":3813,"date":"2020-12-10T12:32:18","date_gmt":"2020-12-10T12:32:18","guid":{"rendered":"https:\/\/eni.ulpgc.es\/?page_id=3813"},"modified":"2024-02-27T16:52:59","modified_gmt":"2024-02-27T16:52:59","slug":"trabajos-fin-de-grado","status":"publish","type":"page","link":"https:\/\/eni.ulpgc.es\/index.php\/trabajos-fin-de-grado\/","title":{"rendered":"Trabajos Fin de Grado"},"content":{"rendered":"<p style=\"text-align: justify;\"><div class=\"fusion-fullwidth fullwidth-box fusion-builder-row-1 fusion-flex-container nonhundred-percent-fullwidth non-hundred-percent-height-scrolling\" style=\"--awb-border-radius-top-left:0px;--awb-border-radius-top-right:0px;--awb-border-radius-bottom-right:0px;--awb-border-radius-bottom-left:0px;\" ><div class=\"fusion-builder-row fusion-row fusion-flex-align-items-flex-start\" style=\"max-width:1497.6px;margin-left: calc(-4% \/ 2 );margin-right: calc(-4% \/ 2 );\"><div class=\"fusion-layout-column fusion_builder_column fusion-builder-column-0 fusion_builder_column_1_1 1_1 fusion-flex-column\" style=\"--awb-bg-size:cover;--awb-width-large:100%;--awb-margin-top-large:0px;--awb-spacing-right-large:1.92%;--awb-margin-bottom-large:20px;--awb-spacing-left-large:1.92%;--awb-width-medium:100%;--awb-order-medium:0;--awb-spacing-right-medium:1.92%;--awb-spacing-left-medium:1.92%;--awb-width-small:100%;--awb-order-small:0;--awb-spacing-right-small:1.92%;--awb-spacing-left-small:1.92%;\"><div class=\"fusion-column-wrapper fusion-column-has-shadow fusion-flex-justify-content-flex-start fusion-content-layout-column\"><div class=\"fusion-title title fusion-title-1 fusion-sep-none fusion-title-text fusion-title-size-one\" style=\"--awb-margin-bottom:2px;\"><h1 class=\"title-heading-left\" style=\"margin:0;\"><p style=\"text-align: justify;\">Trabajos Fin de Grado<\/p>\n<p style=\"text-align: justify;\"><\/h1><\/div><div class=\"fusion-separator fusion-full-width-sep\" style=\"align-self: center;margin-left: auto;margin-right: auto;width:100%;\"><div class=\"fusion-separator-border sep-single\" style=\"--awb-height:20px;--awb-amount:20px;border-color:#ffa100;border-top-width:4px;\"><\/div><\/div><\/div><\/div><\/div><\/div><div class=\"fusion-fullwidth fullwidth-box fusion-builder-row-2 fusion-flex-container nonhundred-percent-fullwidth non-hundred-percent-height-scrolling\" style=\"--awb-border-radius-top-left:0px;--awb-border-radius-top-right:0px;--awb-border-radius-bottom-right:0px;--awb-border-radius-bottom-left:0px;\" ><div class=\"fusion-builder-row fusion-row fusion-flex-align-items-flex-start\" style=\"max-width:1497.6px;margin-left: calc(-4% \/ 2 );margin-right: calc(-4% \/ 2 );\"><div class=\"fusion-layout-column fusion_builder_column fusion-builder-column-1 fusion_builder_column_1_1 1_1 fusion-flex-column\" style=\"--awb-bg-size:cover;--awb-width-large:100%;--awb-margin-top-large:0px;--awb-spacing-right-large:1.92%;--awb-margin-bottom-large:20px;--awb-spacing-left-large:1.92%;--awb-width-medium:100%;--awb-order-medium:0;--awb-spacing-right-medium:1.92%;--awb-spacing-left-medium:1.92%;--awb-width-small:100%;--awb-order-small:0;--awb-spacing-right-small:1.92%;--awb-spacing-left-small:1.92%;\"><div class=\"fusion-column-wrapper fusion-column-has-shadow fusion-flex-justify-content-flex-start fusion-content-layout-column\"><div class=\"fusion-tabs fusion-tabs-1 classic vertical-tabs icon-position-left mobile-mode-accordion\" style=\"--awb-title-border-radius-top-left:0px;--awb-title-border-radius-top-right:0px;--awb-title-border-radius-bottom-right:0px;--awb-title-border-radius-bottom-left:0px;--awb-inactive-color:#f6f6f6;--awb-background-color:#ffffff;--awb-border-color:#e2e2e2;--awb-active-border-color:#0066a1;\"><div class=\"nav\"><ul class=\"nav-tabs\" role=\"tablist\"><li class=\"active\" role=\"presentation\"><a class=\"tab-link\" data-toggle=\"tab\" role=\"tab\" aria-controls=\"tab-1d344edf4ab5c79f459\" aria-selected=\"true\" id=\"fusion-tab-ofertasl\u00edneasdetrabajoeni-ulpgc\" href=\"#tab-1d344edf4ab5c79f459\"><h4 class=\"fusion-tab-heading\">Ofertas l\u00edneas de trabajo ENI-ULPGC<\/h4><\/a><\/li><li role=\"presentation\"><a class=\"tab-link\" data-toggle=\"tab\" role=\"tab\" aria-controls=\"tab-123ca0c3f5ce3d746bd\" aria-selected=\"false\" tabindex=\"-1\" id=\"fusion-tab-ofertasl\u00edneasdetrabajoi&amp;de-uniovi\" href=\"#tab-123ca0c3f5ce3d746bd\"><h4 class=\"fusion-tab-heading\">Ofertas l\u00edneas de trabajo I&amp;DE-UNIOVI<\/h4><\/a><\/li><li role=\"presentation\"><a class=\"tab-link\" data-toggle=\"tab\" role=\"tab\" aria-controls=\"tab-358c6fcaee40118c566\" aria-selected=\"false\" tabindex=\"-1\" id=\"fusion-tab-tutorizadoseni-ulpgc\" href=\"#tab-358c6fcaee40118c566\"><h4 class=\"fusion-tab-heading\">Tutorizados ENI-ULPGC<\/h4><\/a><\/li><li role=\"presentation\"><a class=\"tab-link\" data-toggle=\"tab\" role=\"tab\" aria-controls=\"tab-f317ba8a87aea36233a\" aria-selected=\"false\" tabindex=\"-1\" id=\"fusion-tab-tutorizadosi&amp;de-uniovi\" href=\"#tab-f317ba8a87aea36233a\"><h4 class=\"fusion-tab-heading\">Tutorizados I&amp;DE-UNIOVI<\/h4><\/a><\/li><\/ul><\/div><div class=\"tab-content\"><div class=\"nav fusion-mobile-tab-nav\"><ul class=\"nav-tabs\" role=\"tablist\"><li class=\"active\" role=\"presentation\"><a class=\"tab-link\" data-toggle=\"tab\" role=\"tab\" aria-controls=\"tab-1d344edf4ab5c79f459\" aria-selected=\"true\" id=\"mobile-fusion-tab-ofertasl\u00edneasdetrabajoeni-ulpgc\" href=\"#tab-1d344edf4ab5c79f459\"><h4 class=\"fusion-tab-heading\">Ofertas l\u00edneas de trabajo ENI-ULPGC<\/h4><\/a><\/li><\/ul><\/div><div class=\"tab-pane fade fusion-clearfix in active\" role=\"tabpanel\" tabindex=\"0\" aria-labelledby=\"fusion-tab-ofertasl\u00edneasdetrabajoeni-ulpgc\" id=\"tab-1d344edf4ab5c79f459\">\n<h2 style=\"text-align: justify;\">Ofertas l\u00edneas de trabajo ENI-ULPGC<\/h2>\n<ol style=\"text-align: justify;\">\n<li>Aplicaci\u00f3n pr\u00e1ctica de herramientas de direcci\u00f3n estrat\u00e9gica (ej.: planes estrat\u00e9gicos, an\u00e1lisis sectoriales, proyectos de I+D+i, business-plan, etc.).<\/li>\n<li>Nuevas tendencias estrat\u00e9gicas en sectores emergentes (ej.: econom\u00eda azul, turismo responsable, econom\u00eda social, etc.).<\/li>\n<li>Nuevas tendencias en la direcci\u00f3n de empresas: estrategia abierta, innovaci\u00f3n abierta, innovaci\u00f3n perpetua, creaci\u00f3n de valor compartido, etc..<\/li>\n<li>Determinantes contextuales de las decisiones estrat\u00e9gicas relativas al emprendimiento y sus resultados: los contextos econ\u00f3micos adversos.<\/li>\n<li>Determinantes contextuales de las decisiones estrat\u00e9gicas relativas al emprendimiento y sus resultados: los espacios coworking y los viveros de empresas.<\/li>\n<li>Determinantes empresariales de las decisiones estrat\u00e9gicas relativas al emprendimiento y sus resultados: el uso de metodolog\u00edas \u00e1giles vs. dise\u00f1o de planes de negocio.<\/li>\n<li>Determinantes empresariales de las decisiones estrat\u00e9gicas relativas al emprendimiento y sus resultados: el acceso a fuentes de conocimiento externas y los programas de mentoring.<\/li>\n<li>\u00a0Determinantes empresariales de las decisiones estrat\u00e9gicas relativas al emprendimiento y sus resultados: la introducci\u00f3n de Big data en la reinvenci\u00f3n de negocios convencionales.<\/li>\n<li>Determinantes individuales de las decisiones estrat\u00e9gicas relativas al emprendimiento y sus resultados: el g\u00e9nero del emprendedor.<\/li>\n<li>Determinantes individuales de las decisiones estrat\u00e9gicas relativas al emprendimiento y sus resultados: el estilo de toma de decisiones (improvisaci\u00f3n vs. planificaci\u00f3n).<\/li>\n<li>Determinantes individuales las decisiones estrat\u00e9gicas relativas al emprendimiento y sus resultados: las cualidades emocionales del equipo emprendedor.<\/li>\n<li>Emprendimiento de base tecnol\u00f3gica, transformaci\u00f3n digital y nuevos modelos de negocio.<\/li>\n<li>Compromiso empresarial con la sostenibilidad, los Derechos Humanos o la I+D+i.<\/li>\n<li>Experiencias reales de aprendizaje-servicio en el \u00e1mbito de la Direcci\u00f3n de Empresas.<\/li>\n<\/ol>\n<p style=\"text-align: justify;\"><\/div><div class=\"nav fusion-mobile-tab-nav\"><ul class=\"nav-tabs\" role=\"tablist\"><li role=\"presentation\"><a class=\"tab-link\" data-toggle=\"tab\" role=\"tab\" aria-controls=\"tab-123ca0c3f5ce3d746bd\" aria-selected=\"false\" tabindex=\"-1\" id=\"mobile-fusion-tab-ofertasl\u00edneasdetrabajoi&amp;de-uniovi\" href=\"#tab-123ca0c3f5ce3d746bd\"><h4 class=\"fusion-tab-heading\">Ofertas l\u00edneas de trabajo I&amp;DE-UNIOVI<\/h4><\/a><\/li><\/ul><\/div><div class=\"tab-pane fade fusion-clearfix\" role=\"tabpanel\" tabindex=\"0\" aria-labelledby=\"fusion-tab-ofertasl\u00edneasdetrabajoi&amp;de-uniovi\" id=\"tab-123ca0c3f5ce3d746bd\">\n<h2 style=\"text-align: justify;\">Ofertas l\u00edneas de trabajo I&amp;DE-UNIOVI<\/h2>\n<ol style=\"text-align: justify;\">\n<li>El papel de la ayuda oficial al desarrollo espa\u00f1ola en el logro de los Objeticos de Desarrollo Sostenible.<\/li>\n<li>La Agencia Espa\u00f1ola de Cooperaci\u00f3n Internacional al Desarrollo: estudio de la evoluci\u00f3n de su actividad y proyectos.<\/li>\n<li>La internacionalizaci\u00f3n de las empresas espa\u00f1olas a trav\u00e9s de los proyectos financiados por el Banco Europeo de Reconstrucci\u00f3n y Desarrollo.<\/li>\n<li>La internacionalizaci\u00f3n de las empresas espa\u00f1olas a trav\u00e9s de los proyectos financiados por el Banco Interamericano de Desarrollo.<\/li>\n<li>La internacionalizaci\u00f3n de las empresas espa\u00f1olas a trav\u00e9s de los proyectos financiados por el Banco Africano de Desarrollo.<\/li>\n<li>La internacionalizaci\u00f3n de las empresas espa\u00f1olas a trav\u00e9s de los proyectos financiados por el Banco Asi\u00e1tico de Desarrollo.<\/li>\n<li>An\u00e1lisis y evoluci\u00f3n de los proyectos de internacionalizaci\u00f3n financiados por COFIDES.<\/li>\n<li>An\u00e1lisis y evoluci\u00f3n de los proyectos de internacionalizaci\u00f3n financiados por European Development Financial Instituions.<\/li>\n<li>Analizar el potencial de un pa\u00eds concreto del ECOWAS para la internacionalizaci\u00f3n de empresas espa\u00f1olas.<\/li>\n<li>Digitalizaci\u00f3n e internacionalizaci\u00f3n: estudio de casos de empresa (centrado en PYMEs).<\/li>\n<li>Impacto de la crisis COVID 19 en el comercio exterior Espa\u00f1a-China.<\/li>\n<li>Impacto de la crisis COVID 19 en el comercio exterior y la inversi\u00f3n directa en el exterior espa\u00f1olas.<\/li>\n<li>Internacionalizaci\u00f3n del sector vin\u00edcola espa\u00f1ol.<\/li>\n<li>El papel de la Marca Espa\u00f1a en la internacionalizaci\u00f3n de las PYMEs espa\u00f1olas.<\/li>\n<li>An\u00e1lisis de los programas de reciente creaci\u00f3n del ICEX en favor del emprendimiento internacional de las PYMEs espa\u00f1olas.<\/li>\n<\/ol>\n<p style=\"text-align: justify;\"><\/div><div class=\"nav fusion-mobile-tab-nav\"><ul class=\"nav-tabs\" role=\"tablist\"><li role=\"presentation\"><a class=\"tab-link\" data-toggle=\"tab\" role=\"tab\" aria-controls=\"tab-358c6fcaee40118c566\" aria-selected=\"false\" tabindex=\"-1\" id=\"mobile-fusion-tab-tutorizadoseni-ulpgc\" href=\"#tab-358c6fcaee40118c566\"><h4 class=\"fusion-tab-heading\">Tutorizados ENI-ULPGC<\/h4><\/a><\/li><\/ul><\/div><div class=\"tab-pane fade fusion-clearfix\" role=\"tabpanel\" tabindex=\"0\" aria-labelledby=\"fusion-tab-tutorizadoseni-ulpgc\" id=\"tab-358c6fcaee40118c566\">\n<h2 style=\"text-align: justify;\">TFG Tutorizados ENI-ULPGC<\/h2>\n<p><strong>An\u00e1lisis de la externalizaci\u00f3n en los establecimientos tur\u00edsticos en 2023<\/strong><\/p>\n<ul>\n<li><span lang=\"es-ES\">Tutores: Espino Rodr\u00edguez, T.F.<br \/>\n<\/span><\/li>\n<li><span lang=\"es-ES\">Titulaci\u00f3n: Grado en Turismo<br \/>\n<\/span><\/li>\n<li><span lang=\"es-ES\">Universidad: Universidad de Las Palmas de Gran Canaria<\/span><\/li>\n<li><span lang=\"es-ES\">Fecha: noviembre, 2023<\/span><\/li>\n<\/ul>\n<p><strong>La satisfacci\u00f3n del estudiante universitario: una aplicaci\u00f3n a los estudiantes de GADE de la ULPGC en 2023<\/strong><\/p>\n<ul>\n<li>Tutora: Su\u00e1rez Ortega, S.M.<\/li>\n<li>Titulaci\u00f3n: Grado en Administraci\u00f3n y Direcci\u00f3n de Empresas<\/li>\n<li>Universidad: Universidad de Las Palmas de Gran Canaria<\/li>\n<li>Fecha: julio, 2023<\/li>\n<\/ul>\n<p><strong>C\u00e1lculo de la huella de carbono de una empresa de recarga y comercializaci\u00f3n de bater\u00edas para autom\u00f3viles<\/strong><\/p>\n<ul>\n<li><span lang=\"es-ES\">Tutora: Olivares Mesa, A.<br \/>\n<\/span><\/li>\n<li><span lang=\"es-ES\">Titulaci\u00f3n: Grado en Administraci\u00f3n y Direcci\u00f3n de Empresas<br \/>\n<\/span><\/li>\n<li><span lang=\"es-ES\">Universidad: Universidad de Las Palmas de Gran Canaria<\/span><\/li>\n<li><span lang=\"es-ES\">Fecha: septiembre, 2022<\/span><\/li>\n<\/ul>\n<p><strong>Propuesta de plan estrat\u00e9gico para la empresa Guaugas Gumidafe S.L. 2022-2025<\/strong><\/p>\n<ul>\n<li>Tutora: Garc\u00eda Soto, M.G.<\/li>\n<li>Titulaci\u00f3n: Grado en Administraci\u00f3n y Direcci\u00f3n de Empresas<\/li>\n<li>Universidad: Universidad de Las Palmas de Gran Canaria<\/li>\n<li>Fecha: julio, 2022<\/li>\n<\/ul>\n<p><strong>Destino Gran Canaria: Impacto del Covid 19 en el espacio relacional y socioecon\u00f3mico interrumpido de la comunidad LGTBI de Europa<br \/>\n<\/strong><\/p>\n<ul>\n<li><span lang=\"es-ES\">Tutores: Gonz\u00e1lez Ram\u00edrez, F.E.; Guti\u00e9rrez P\u00e9rez, F.J.<br \/>\n<\/span><\/li>\n<li><span lang=\"es-ES\">Titulaci\u00f3n: Grado en Turismo<br \/>\n<\/span><\/li>\n<li><span lang=\"es-ES\">Universidad: Universidad de Las Palmas de Gran Canaria<\/span><\/li>\n<li><span lang=\"es-ES\">Fecha: enero, 2022<\/span><\/li>\n<\/ul>\n<p><strong>La proporci\u00f3n de mujeres en cargos directivos en el mundo (2010-2019): una explicaci\u00f3n desde los factores institucionales de pa\u00edses de los cinco continentes<br \/>\n<\/strong><\/p>\n<ul>\n<li><span lang=\"es-ES\">Tutora: Su\u00e1rez Ortega, S.M.<br \/>\n<\/span><\/li>\n<li><span lang=\"es-ES\">Titulaci\u00f3n: Grado en Administraci\u00f3n y Direcci\u00f3n de Empresas<br \/>\n<\/span><\/li>\n<li><span lang=\"es-ES\">Universidad: Universidad de Las Palmas de Gran Canaria<\/span><\/li>\n<li><span lang=\"es-ES\">Fecha: enero, 2022<\/span><\/li>\n<\/ul>\n<p><strong>Plan estrat\u00e9gico de la empresa Amanda Bus, S.L. 2021-2024<\/strong><\/p>\n<ul>\n<li>Tutora: Garc\u00eda Soto, M.G.<\/li>\n<li>Titulaci\u00f3n: Grado en Administraci\u00f3n y Direcci\u00f3n de Empresas<\/li>\n<li>Universidad: Universidad de Las Palmas de Gran Canaria<\/li>\n<li>Fecha: enero, 2022<\/li>\n<\/ul>\n<p style=\"text-align: justify;\"><a class=\"fusion-button button-flat fusion-button-default-size button-default button-1 fusion-button-default-span fusion-button-default-type\" href=\"\/index.php\/tfg-tutorizados-eni-ulpgc\/\"><span class=\"fusion-button-text\">Ver relaci\u00f3n completa de TFG (desde 2010)<\/span><\/a><\/p>\n<p style=\"text-align: justify;\"><\/div><div class=\"nav fusion-mobile-tab-nav\"><ul class=\"nav-tabs\" role=\"tablist\"><li role=\"presentation\"><a class=\"tab-link\" data-toggle=\"tab\" role=\"tab\" aria-controls=\"tab-f317ba8a87aea36233a\" aria-selected=\"false\" tabindex=\"-1\" id=\"mobile-fusion-tab-tutorizadosi&amp;de-uniovi\" href=\"#tab-f317ba8a87aea36233a\"><h4 class=\"fusion-tab-heading\">Tutorizados I&amp;DE-UNIOVI<\/h4><\/a><\/li><\/ul><\/div><div class=\"tab-pane fade fusion-clearfix\" role=\"tabpanel\" tabindex=\"0\" aria-labelledby=\"fusion-tab-tutorizadosi&amp;de-uniovi\" id=\"tab-f317ba8a87aea36233a\">\n<h2 style=\"text-align: justify;\">TFG Tutorizados I&amp;DE-UNIOVI<\/h2>\n<p style=\"text-align: justify;\"><strong>La internacionalizaci\u00f3n temprana como motor de desarrollo para las empresas intensivas en I+D<\/strong><\/p>\n<ul style=\"text-align: justify;\">\n<li>Tutores: L\u00f3pez Duarte, C. y Garc\u00eda P\u00e9rez, F.<\/li>\n<li>Titulaci\u00f3n: Grado en Comercio y Marketing<\/li>\n<li>Universidad: Universidad de Oviedo<\/li>\n<li>Fecha: 2019<\/li>\n<\/ul>\n<p style=\"text-align: justify;\"><strong>El impacto socioecon\u00f3mico de las empresas internacionales en Jap\u00f3n<\/strong><\/p>\n<ul style=\"text-align: justify;\">\n<li>Tutora: Vidal Su\u00e1rez, M.M.<\/li>\n<li>Titulaci\u00f3n: Grado en Gesti\u00f3n y Administraci\u00f3n P\u00fablica<\/li>\n<li>Universidad: Universidad de Oviedo<\/li>\n<li>Fecha: 2019<\/li>\n<\/ul>\n<p style=\"text-align: justify;\"><strong>El proceso de crecimiento de La Liga en los mercados internacionales<\/strong><\/p>\n<ul style=\"text-align: justify;\">\n<li>Tutora: Vidal Su\u00e1rez, M.M.<\/li>\n<li>Titulaci\u00f3n: Grado en Comercio y Marketing<\/li>\n<li>Universidad: Universidad de Oviedo<\/li>\n<li>Fecha: 2019<\/li>\n<\/ul>\n<p style=\"text-align: justify;\"><strong>Nuevas potencias para la internacionalizaci\u00f3n de empresas tur\u00edsticas espa\u00f1olas: Per\u00fa y Cabo Verde<\/strong><\/p>\n<ul style=\"text-align: justify;\">\n<li>Tutora: Vidal Su\u00e1rez, M.M.<\/li>\n<li>Titulaci\u00f3n: Grado en Turismo<\/li>\n<li>Universidad: Universidad de Oviedo<\/li>\n<li>Fecha: 2019<\/li>\n<\/ul>\n<p style=\"text-align: justify;\"><strong>El papel estrat\u00e9gico de la marca en la internacionalizaci\u00f3n: caso PANGEA<\/strong><\/p>\n<ul style=\"text-align: justify;\">\n<li>Tutora: L\u00f3pez Duarte, C.<\/li>\n<li>Titulaci\u00f3n: Grado en Comercio y Marketing<\/li>\n<li>Universidad: Universidad de Oviedo<\/li>\n<li>Fecha: 2018<\/li>\n<\/ul>\n<p style=\"text-align: justify;\"><strong>Internationalization of agro-food companies to the United Kingdom: a special focus on the cured meat industry<\/strong><\/p>\n<ul style=\"text-align: justify;\">\n<li>Tutora: L\u00f3pez Duarte, C.<\/li>\n<li>Titulaci\u00f3n: Grado en Comercio y Marketing<\/li>\n<li>Universidad: Universidad de Oviedo<\/li>\n<li>Fecha: 2018<\/li>\n<\/ul>\n<p style=\"text-align: justify;\"><strong>Proceso de internacionalizaci\u00f3n de Pav\u00f3n S.A en Portugal<\/strong><\/p>\n<ul style=\"text-align: justify;\">\n<li>Tutora: L\u00f3pez Duarte, C.<\/li>\n<li>Titulaci\u00f3n: Grado en Comercio y Marketing<\/li>\n<li>Universidad: Universidad de Oviedo<\/li>\n<li>Fecha: 2018<\/li>\n<\/ul>\n<p style=\"text-align: justify;\"><strong>Plan de exportaci\u00f3n para PYME asturiana del sector bienes de equipo<\/strong><\/p>\n<ul style=\"text-align: justify;\">\n<li>Tutora: L\u00f3pez Duarte, C. y Vidal Su\u00e1rez, M.M.<\/li>\n<li>Titulaci\u00f3n: Grado en Comercio y Marketing<\/li>\n<li>Universidad: Universidad de Oviedo<\/li>\n<li>Fecha: 2018<\/li>\n<\/ul>\n<p style=\"text-align: justify;\"><strong>An\u00e1lisis de los consorcios de exportaci\u00f3n creados bajo el apoyo institucional de Asturex<\/strong><\/p>\n<ul style=\"text-align: justify;\">\n<li>Tutora: Vidal Su\u00e1rez, M.M.<\/li>\n<li>Titulaci\u00f3n: Grado en Comercio y Marketing<\/li>\n<li>Universidad: Universidad de Oviedo<\/li>\n<li>Fecha: 2018<\/li>\n<\/ul>\n<p style=\"text-align: justify;\"><strong>Gesti\u00f3n cultural y RR.HH. en empresas internacionales<\/strong><\/p>\n<ul style=\"text-align: justify;\">\n<li>Tutora: Vidal Su\u00e1rez, M.M.<\/li>\n<li>Titulaci\u00f3n: Grado en Turismo<\/li>\n<li>Universidad: Universidad de Oviedo<\/li>\n<li>Fecha: 2018<\/li>\n<\/ul>\n<p style=\"text-align: justify;\"><strong>Plan de proyecci\u00f3n internacional para la Cooperativa Olivera Santa Cruz Abanilla<\/strong><\/p>\n<ul style=\"text-align: justify;\">\n<li>Tutora: L\u00f3pez Duarte, C.<\/li>\n<li>Titulaci\u00f3n: Grado en Comercio y Marketing<\/li>\n<li>Universidad: Universidad de Oviedo<\/li>\n<li>Fecha: 2017<\/li>\n<\/ul>\n<p style=\"text-align: justify;\"><strong>Empresas tur\u00edsticas espa\u00f1olas en mercados emergentes (Brics)<\/strong><\/p>\n<ul style=\"text-align: justify;\">\n<li>Tutora: Vidal Su\u00e1rez, M.M.<\/li>\n<li>Titulaci\u00f3n: Grado en Turismo<\/li>\n<li>Universidad: Universidad de Oviedo<\/li>\n<li>Fecha: 2017<\/li>\n<\/ul>\n<p style=\"text-align: justify;\"><strong>Estudio descriptivo de las startups asturianas integradas en Astur Valley<\/strong><\/p>\n<ul style=\"text-align: justify;\">\n<li>Tutora: Vidal Su\u00e1rez, M.M.<\/li>\n<li>Titulaci\u00f3n: Grado en Comercio y Marketing<\/li>\n<li>Universidad: Universidad de Oviedo<\/li>\n<li>Fecha: 2017<\/li>\n<\/ul>\n<p style=\"text-align: justify;\"><strong>La inversi\u00f3n espa\u00f1ola en el sudeste asi\u00e1tico<\/strong><\/p>\n<ul style=\"text-align: justify;\">\n<li>Tutora: Vidal Su\u00e1rez, M.M.<\/li>\n<li>Titulaci\u00f3n: Grado en Comercio y Marketing<\/li>\n<li>Universidad: Universidad de Oviedo<\/li>\n<li>Fecha: 2017<\/li>\n<\/ul>\n<p style=\"text-align: justify;\"><strong>La Cultura Como Factor Determinante en el Proceso de Expansi\u00f3n Internacional<\/strong><\/p>\n<ul style=\"text-align: justify;\">\n<li>Tutora: L\u00f3pez Duarte, C.<\/li>\n<li>Titulaci\u00f3n: Grado<\/li>\n<li>Universidad: Universidad de Oviedo<\/li>\n<li>Fecha: 2014<\/li>\n<\/ul>\n<p style=\"text-align: justify;\"><strong>International relations through entrepreneurship and language learning<\/strong><\/p>\n<ul style=\"text-align: justify;\">\n<li>Tutora: L\u00f3pez Duarte, C.<\/li>\n<li>Titulaci\u00f3n: Grado<\/li>\n<li>Universidad: Universidad de Oviedo<\/li>\n<li>Fecha: 2014<\/li>\n<\/ul>\n<p style=\"text-align: justify;\"><strong>An\u00e1lisis de los programas de apoyo a la internacionalizaci\u00f3n del ICEX<\/strong><\/p>\n<ul style=\"text-align: justify;\">\n<li>Tutora: L\u00f3pez Duarte, C.<\/li>\n<li>Titulaci\u00f3n: Grado<\/li>\n<li>Universidad: Universidad de Oviedo<\/li>\n<li>Fecha: 2014<\/li>\n<\/ul>\n<p style=\"text-align: justify;\"><strong>An\u00e1lisis de los Programas de Apoyo a la Internacionalizaci\u00f3n Empresarial: Especial Aplicaci\u00f3n al Caso de las PYMES<\/strong><\/p>\n<ul style=\"text-align: justify;\">\n<li>Tutora: L\u00f3pez Duarte, C.<\/li>\n<li>Titulaci\u00f3n: Grado<\/li>\n<li>Universidad: Universidad de Oviedo<\/li>\n<li>Fecha: 2013<\/li>\n<\/ul>\n<p style=\"text-align: justify;\"><\/div><\/div><\/div><\/div><\/div><\/div><\/div><\/p>\n","protected":false},"excerpt":{"rendered":"","protected":false},"author":1,"featured_media":0,"parent":0,"menu_order":0,"comment_status":"closed","ping_status":"closed","template":"","meta":[],"_links":{"self":[{"href":"https:\/\/eni.ulpgc.es\/index.php\/wp-json\/wp\/v2\/pages\/3813"}],"collection":[{"href":"https:\/\/eni.ulpgc.es\/index.php\/wp-json\/wp\/v2\/pages"}],"about":[{"href":"https:\/\/eni.ulpgc.es\/index.php\/wp-json\/wp\/v2\/types\/page"}],"author":[{"embeddable":true,"href":"https:\/\/eni.ulpgc.es\/index.php\/wp-json\/wp\/v2\/users\/1"}],"replies":[{"embeddable":true,"href":"https:\/\/eni.ulpgc.es\/index.php\/wp-json\/wp\/v2\/comments?post=3813"}],"version-history":[{"count":20,"href":"https:\/\/eni.ulpgc.es\/index.php\/wp-json\/wp\/v2\/pages\/3813\/revisions"}],"predecessor-version":[{"id":4153,"href":"https:\/\/eni.ulpgc.es\/index.php\/wp-json\/wp\/v2\/pages\/3813\/revisions\/4153"}],"wp:attachment":[{"href":"https:\/\/eni.ulpgc.es\/index.php\/wp-json\/wp\/v2\/media?parent=3813"}],"curies":[{"name":"wp","href":"https:\/\/api.w.org\/{rel}","templated":true}]}}