{"id":3623,"date":"2020-12-04T12:33:54","date_gmt":"2020-12-04T12:33:54","guid":{"rendered":"https:\/\/eni.ulpgc.es\/?page_id=3623"},"modified":"2024-02-22T18:32:05","modified_gmt":"2024-02-22T18:32:05","slug":"publicaciones-equipo-ulpgc-desde-2009-capitulo-de-libros","status":"publish","type":"page","link":"https:\/\/eni.ulpgc.es\/index.php\/publicaciones-equipo-ulpgc-desde-2009-capitulo-de-libros\/","title":{"rendered":"Publicaciones equipo ULPGC (desde 2009): Cap\u00edtulo de Libros"},"content":{"rendered":"<p><div class=\"fusion-fullwidth fullwidth-box fusion-builder-row-1 fusion-flex-container nonhundred-percent-fullwidth non-hundred-percent-height-scrolling\" style=\"--awb-border-radius-top-left:0px;--awb-border-radius-top-right:0px;--awb-border-radius-bottom-right:0px;--awb-border-radius-bottom-left:0px;\" ><div class=\"fusion-builder-row fusion-row fusion-flex-align-items-flex-start\" style=\"max-width:1497.6px;margin-left: calc(-4% \/ 2 );margin-right: calc(-4% \/ 2 );\"><div class=\"fusion-layout-column fusion_builder_column fusion-builder-column-0 fusion_builder_column_1_1 1_1 fusion-flex-column\" style=\"--awb-bg-size:cover;--awb-width-large:100%;--awb-margin-top-large:0px;--awb-spacing-right-large:1.92%;--awb-margin-bottom-large:20px;--awb-spacing-left-large:1.92%;--awb-width-medium:100%;--awb-order-medium:0;--awb-spacing-right-medium:1.92%;--awb-spacing-left-medium:1.92%;--awb-width-small:100%;--awb-order-small:0;--awb-spacing-right-small:1.92%;--awb-spacing-left-small:1.92%;\"><div class=\"fusion-column-wrapper fusion-column-has-shadow fusion-flex-justify-content-flex-start fusion-content-layout-column\"><div class=\"fusion-title title fusion-title-1 fusion-sep-none fusion-title-text fusion-title-size-one\" style=\"--awb-margin-bottom:2px;\"><h1 class=\"title-heading-left\" style=\"margin:0;\">Publicaciones equipo ULPGC (desde 2009): Cap\u00edtulo de Libros<\/h1><\/div><div class=\"fusion-separator fusion-full-width-sep\" style=\"align-self: center;margin-left: auto;margin-right: auto;width:100%;\"><div class=\"fusion-separator-border sep-single\" style=\"--awb-height:20px;--awb-amount:20px;border-color:#ffa100;border-top-width:4px;\"><\/div><\/div><\/div><\/div><\/div><\/div><div class=\"fusion-fullwidth fullwidth-box fusion-builder-row-2 fusion-flex-container nonhundred-percent-fullwidth non-hundred-percent-height-scrolling\" style=\"--awb-border-radius-top-left:0px;--awb-border-radius-top-right:0px;--awb-border-radius-bottom-right:0px;--awb-border-radius-bottom-left:0px;\" ><div class=\"fusion-builder-row fusion-row fusion-flex-align-items-flex-start\" style=\"max-width:1497.6px;margin-left: calc(-4% \/ 2 );margin-right: calc(-4% \/ 2 );\"><div class=\"fusion-layout-column fusion_builder_column fusion-builder-column-1 fusion_builder_column_1_1 1_1 fusion-flex-column\" style=\"--awb-bg-size:cover;--awb-width-large:100%;--awb-margin-top-large:0px;--awb-spacing-right-large:1.92%;--awb-margin-bottom-large:20px;--awb-spacing-left-large:1.92%;--awb-width-medium:100%;--awb-order-medium:0;--awb-spacing-right-medium:1.92%;--awb-spacing-left-medium:1.92%;--awb-width-small:100%;--awb-order-small:0;--awb-spacing-right-small:1.92%;--awb-spacing-left-small:1.92%;\"><div class=\"fusion-column-wrapper fusion-column-has-shadow fusion-flex-justify-content-flex-start fusion-content-layout-column\"><div class=\"fusion-text fusion-text-1\"><ul>\n<li>Cano-Ram\u00edrez, A., Guti\u00e9rrez-P\u00e9rez, F.J., &amp; Garc\u00eda-D\u00edaz, V. (2023). \u00abInnovaci\u00f3n educativa multidisciplinar aplicada a los Presupuestos Participativos: Contribuci\u00f3n del ApSU al logro de los ODS\u00bb. En Garc\u00eda, J., Amador, F.J., &amp; Cano, A. <strong>El aprendizaje-servicio universitario ante los retos de la agenda 2030<\/strong> (pp. 458-467). Editorial UNED: Espa\u00f1a.<br \/>\n<strong>SPI<\/strong>: puesto 75 de 99 posibles (294 editoriales espa\u00f1olas indexadas en 2022) con un indicador de Calidad de editoriales en la Clasificaci\u00f3n General seg\u00fan Expertos (ICEE) de 26.<br \/>\n<a href=\"https:\/\/www.librosuned.com\/compras\/detalle.aspx?isbn=9788436280210\">Enlace al libro<\/a><\/li>\n<\/ul>\n<ul>\n<li>Garc\u00eda Cabrera, A.M., Garc\u00eda Cabrera, A. M., Su\u00e1rez-Ortega, S. M., Guti\u00e9rrez-P\u00e9rez, F. J. (2022). \u201cG\u00e9nero del supervisor y satisfacci\u00f3n laboral en Europa\u201d. En Marco, B., \u00dabeda, M., Molina, J.F., Rienda, L. (Ed.). <strong>Empresa, Estrategia y Sostenibilidad &#8211; Homenaje al profesor Enrique Claver Cort\u00e9s<\/strong> (pp. 539-561). Publicacions Universitat d\u2019Alacant: Espa\u00f1a.<br \/>\n<strong>SPI<\/strong>: puesto 88 de 99 posibles (294 editoriales espa\u00f1olas indexadas en 2022) con un indicador de Calidad de editoriales en la Clasificaci\u00f3n General seg\u00fan Expertos (ICEE) de 12.<br \/>\n<a href=\"http:\/\/hdl.handle.net\/10553\/123955\" target=\"_blank\" rel=\"noopener noreferrer\">Enlace al libro<\/a><\/li>\n<\/ul>\n<ul>\n<li>Garc\u00eda Cabrera, A.M., Guti\u00e9rrez P\u00e9rez, F.J., Miranda-Martel, M.J. (2022). \u00abOpen Science in the International Entrepreneurship Research Field: Opportunities and Risks\u00bb. En Hern\u00e1ndez-S\u00e1nchez, B.R., Cardella, G.M., S\u00e1nchez-Garc\u00eda, J.C. <strong>Miradas del emprendimiento ante la crisis del coronavirus<\/strong> (pp. 705-710). Dykinson, S.L.: Espa\u00f1a<br \/>\n<strong>SPI<\/strong>: puesto 3 de 99 posibles (294 editoriales espa\u00f1olas indexadas en 2022) con un indicador de Calidad de editoriales en la Clasificaci\u00f3n General seg\u00fan Expertos (ICEE) de 758.<br \/>\n<a href=\"https:\/\/www.dykinson.com\/libros\/miradas-sobre-el-emprendimiento-ante-la-crisis-del-coronavirus\/9788413779959\">Enlace al libro<\/a><\/li>\n<\/ul>\n<ul>\n<li>Garc\u00eda Cabrera, A.M., Garc\u00eda Soto, M.G., Cu\u00e9llar Molina, D. (2021). \u201cAn International and Socially Responsible SME Based on Tailored Innovative Products: empakando From El Salvador\u201d. En Carrizo Moreira, A. (Ed.). <strong>Cases on Internationalization Challenges for SMEs<\/strong> (pp. 21-49). IGI Global: Estados Unidos.<br \/>\n<strong>SPI<\/strong>: puesto 117 de 259 posibles (504 editoriales indexadas en 2017) con un indicador de Calidad de editoriales en la Clasificaci\u00f3n General seg\u00fan Expertos (ICEE) de 0.944<br \/>\n<a href=\"https:\/\/www.igi-global.com\/chapter\/an-international-and-socially-responsible-sme-based-ontailored-innovative-products\/265919\" target=\"_blank\" rel=\"noopener noreferrer\">Enlace al libro<\/a><\/li>\n<\/ul>\n<ul>\n<li>Guti\u00e9rrez P\u00e9rez, F.J. (2021). \u00abLa empresa tur\u00edstica y su compromiso con el alivio de la pobreza: origen y beneficios de la responsabilidad social corporativa\u00bb. En Quintana, C., Marchante, M. y Benabides, C.G. <strong>Responsabilidad Social Empresarial. Un compromiso con los Objetivos de Desarrollo Sostenible<\/strong> (pp. 163-174). C\u00e1tedra Santander de Responsabilidad Social Corporativa de la Universidad de M\u00e1laga: Espa\u00f1a.<br \/>\n<a href=\"http:\/\/www.catedrarscuma.es\/wp-content\/uploads\/2022\/05\/libro-rse-catedra-santander-rsc-uma.pdf\">Enlace al libro<\/a><\/li>\n<\/ul>\n<ul>\n<li>Miranda Martel, M.J., Guti\u00e9rrez P\u00e9rez, F.J., Garc\u00eda Cabrera, A.M. (2021). \u201cEntrenando habilidades de negociaci\u00f3n en el aula: una experiencia aplicada a posgrado en comercio internacional\u201d. En Palomares Rodr\u00edguez, J.M. (Ed.). <strong>Avances en Educaci\u00f3n Superior e Investigaci\u00f3n (Volumen 1)<\/strong> (pp. 233). Dykinson, S.L.: Espa\u00f1a.<br \/>\n<a href=\"https:\/\/www.dykinson.com\/libros\/avances-en-ciencias-de-la-educacion-volumen-i\/9788413778501\">Enlace al libro<\/a><\/li>\n<\/ul>\n<ul>\n<li>Garc\u00eda Cabrera, A.M., Garc\u00eda Soto, M.G. (2019). \u201cEconom\u00edas emergentes, diferencias institucionales intra-pa\u00eds y expansi\u00f3n Internacional de la empresa: el caso del sector tur\u00edstico en Brasil\u201d. En S\u00e1nchez V\u00e1zquez, J.M. <strong>IV Avances en la Investigaci\u00f3n para la internacionalizaci\u00f3n de las empresas andaluzas<\/strong> (pp. 59-80). Dykinson, S.L: Andaluc\u00eda, Espa\u00f1a.<br \/>\n<a href=\"https:\/\/www.extenda.es\/catedras\/workshop\/index.php\" target=\"_blank\" rel=\"noopener noreferrer\">Enlace al libro<\/a><\/li>\n<\/ul>\n<ul>\n<li>Garc\u00eda Cabrera, A.M., Guti\u00e9rrez-P\u00e9rez, F.J., Su\u00e1rez-Ortega, S.M. (2019). \u201cArte-Gaia: emprendimiento rural, innovador y sostenible\u201d. En Puig Blanco, F. <strong>Emprender desde la experiencia. Aprender de la diversidad Latinoamericana<\/strong> (pp. 217-244). Promolibro: Valencia, Espa\u00f1a<br \/>\n<strong>SPI<\/strong>: 0,103 (Q3 en ranking general para Espa\u00f1a en 2014, \u00faltimo a\u00f1o disponible)<br \/>\n<a href=\"http:\/\/www.promolibro.com\/product\/index?searchbox=.+Emprender+desde+la+experiencia.+Aprender+de+la+diversidad+Latinoamericana\" target=\"_blank\" rel=\"noopener noreferrer\">Enlace al libro<\/a><\/li>\n<\/ul>\n<ul>\n<li>Arteaga Ortiz, J., Garc\u00eda Cabrera, A.M., Miranda Martel, M.J. (2017). \u201cLa estrategia de internacionalizaci\u00f3n y la empresa\u201d. En Ministerio de Econom\u00eda, Industria y Competitividad. ICEX CECO. <strong>Manual de Internacionalizaci\u00f3n. T\u00e9cnicas, herramientas y estrategias necesarias para afrontar con \u00e9xito el proceso de internacionalizaci\u00f3n<\/strong> (pp.107-217). Ministerio de Econom\u00eda, Industria y Competitividad. ICEX Espa\u00f1a Exportaci\u00f3n e Inversiones: Madrid, Espa\u00f1a.<br \/>\n<a href=\"https:\/\/www.icex.es\/icex\/es\/Navegacion-zona-contacto\/libreria-icex\/\" target=\"_blank\" rel=\"noopener noreferrer\">Enlace al libro<\/a><\/li>\n<\/ul>\n<ul>\n<li>Garc\u00eda Cabrera, A.M. (2017). \u201cMMI Media Monitor Internacional\u201d. En Ministerio de Econom\u00eda, Industria y Competitividad. ICEX CECO. <strong>Manual de Internacionalizaci\u00f3n. T\u00e9cnicas, herramientas y estrategias necesarias para afrontar con \u00e9xito el proceso de internacionalizaci\u00f3n<\/strong> (pp. 7-28; Parte II, Desarrollo y Resoluci\u00f3n de Casos Pr\u00e1cticos). Ministerio de Econom\u00eda, Industria y Competitividad. ICEX Espa\u00f1a Exportaci\u00f3n e Inversiones: Madrid, Espa\u00f1a.<br \/>\n<a href=\"https:\/\/www.icex.es\/icex\/es\/Navegacion-zona-contacto\/libreria-icex\/\" target=\"_blank\" rel=\"noopener noreferrer\">Enlace al libro<\/a><\/li>\n<\/ul>\n<ul>\n<li>Garc\u00eda Cabrera, A. M., Garc\u00eda Soto, M.G. (2016). \u201cInstituciones: \u00bfqu\u00e9 son y por qu\u00e9 condicionan la internacionalizaci\u00f3n de la empresa espa\u00f1ola?\u201d. En L\u00f3pez-Duarte, C. Vidal-Su\u00e1rez, M.M., Gonz\u00e1lez-Mieres, C. <strong>Estrategias de internacionalizaci\u00f3n de la empresa. Casos <\/strong><strong>pr\u00e1cticos<\/strong> (pp. 15 \u2013 39). Septem Ediciones: Oviedo, Espa\u00f1a.<br \/>\n<strong>SPI<\/strong>: 0,177 (Q3 en ranking general para Espa\u00f1a en 2014, \u00faltimo a\u00f1o disponible)<br \/>\n<a href=\"https:\/\/books.google.es\/books?id=67cADQAAQBAJ&amp;printsec=frontcover&amp;dq=lopez+duarte+internacional+empresa&amp;hl=en&amp;sa=X&amp;ved=2ahUKEwjLzKikrJ7uAhU3D2MBHYFFARMQ6AEwAHoECAUQAg#v=onepage&amp;q=lopez%20duarte%20internacional%20empresa&amp;f=false\" target=\"_blank\" rel=\"noopener noreferrer\">Enlace al libro<\/a><\/li>\n<\/ul>\n<ul>\n<li>Garc\u00eda Cabrera, A.M., Su\u00e1rez Ortega, M.G., Garc\u00eda-Barba Hern\u00e1ndez, F. (2016). \u201cManagerial practices as antecedents of employees\u2019 resistance to change: Organizational change and human resource management\u201d. En Lucia-Casademunt, A.M. (Ed.). <strong>Strategic Labor Relations Management in Modern Organizations<\/strong> (pp. 88-103). IGI Global: Estados Unidos.<br \/>\n<strong>SPI<\/strong>: puesto 117 de 259 posibles (504 editoriales indexadas en 2017) con un indicador de Calidad de editoriales en la Clasificaci\u00f3n General seg\u00fan Expertos (ICEE) de 0.944<br \/>\n<a href=\"https:\/\/www.igi-global.com\/book\/strategic-labor-relations-management-modern\/145653\" target=\"_blank\" rel=\"noopener noreferrer\">Enlace al libro<\/a><\/li>\n<\/ul>\n<ul>\n<li>Garc\u00eda Cabrera, A.M., \u00c1lamo Vera, F.R., Garc\u00eda-Barba Hern\u00e1ndez, F. (2012). \u201cIndividuo y contexto: determinantes de la resistencia al cambio en las organizaciones\u201d. <strong>En Selecci\u00f3n de Investigaciones Empresariales. Convocatoria 2010<\/strong> (pp. 71-100). Fundaci\u00f3n FYDE-CajaCanarias: Tenerife, Espa\u00f1a.<br \/>\n<a href=\"https:\/\/www.fyde-cajacanarias.es\/publicaciones\/\" target=\"_blank\" rel=\"noopener noreferrer\">Enlace al libro<\/a><\/li>\n<\/ul>\n<ul>\n<li>Garc\u00eda Cabrera, A.M., Garc\u00eda Soto, M.G. (2011). \u201cEcosistema emprendedor para las EBTs: visi\u00f3n basada en los recursos\u201d. <strong>En Selecci\u00f3n de Investigaciones Empresariales. Convocatoria 2009<\/strong> (39-72). Fundaci\u00f3n FYDE-CajaCanarias: Tenerife, Espa\u00f1a.<br \/>\n<strong>SPI<\/strong>: puesto 117 de 259 posibles (504 editoriales indexadas en 2017) con un indicador de Calidad de editoriales en la Clasificaci\u00f3n General seg\u00fan Expertos (ICEE) de 0.944<br \/>\n<a href=\"https:\/\/www.fyde-cajacanarias.es\/publicaciones\/\" target=\"_blank\" rel=\"noopener noreferrer\">Enlace al libro<\/a><\/li>\n<\/ul>\n<ul>\n<li>Garc\u00eda Cabrera, A.M., Garc\u00eda Soto, M.G. (2011). \u201cEmprendimiento local y mercado global: la experiencia innovadora de un emprendedor italiano en Fuerteventura\u201d. En S\u00e1nchez, C. <strong>Manual de casos sobre creaci\u00f3n de empresas en Espa\u00f1a<\/strong> (pp. 183-192). McGraw-Hill: Madrid, Espa\u00f1a.<br \/>\n<strong>SPI<\/strong>: 64,33 (Q1 en grupo editoriales espa\u00f1olas, ranking general)<br \/>\n<a href=\"https:\/\/www.mheducation.es\/manual-de-casos-practicos-sobre-creacion-deempresas-y-emprendimiento-en-espa-a-9788448179915-spain\" target=\"_blank\" rel=\"noopener noreferrer\">Enlace al libro<\/a><\/li>\n<\/ul>\n<ul>\n<li>Garc\u00eda Cabrera, A.M., D\u00e9niz D\u00e9niz, M.C. (2010). \u201cEl isomorfismo mim\u00e9tico y las ventajas de localizaci\u00f3n como determinantes de la elecci\u00f3n del modo de entrada\u201d.<strong> En Selecci\u00f3n de Investigaciones Empresariales. Convocatoria 2008<\/strong> (pp. 151-186). Fundaci\u00f3n FYDECajaCanarias: Tenerife, Espa\u00f1a.<br \/>\n<a href=\"https:\/\/www.fyde-cajacanarias.es\/publicaciones\/\" target=\"_blank\" rel=\"noopener noreferrer\">Enlace al libro<\/a><\/li>\n<\/ul>\n<ul>\n<li>Garc\u00eda Soto, M.G., Garc\u00eda Cabrera, A.M. (2010). \u201cInternationalization strategy in new eventures: towards a general model and new research agenda\u201d. En Kollmann, T., Kuckertz, A., St\u00f6ckmann, C. (Eds.). <strong>E-entrepreneurship and ICT ventures: strategy, organization and technology<\/strong> (pp. 17-43). IGI Global: Estados Unidos.<br \/>\n<strong>SPI<\/strong>: puesto 117 de 259 posibles (504 editoriales indexadas en 2017) con un indicador de Calidad de editoriales en la Clasificaci\u00f3n General seg\u00fan Expertos (ICEE) de 0.944<br \/>\n<a href=\"https:\/\/www.igi-global.com\/book\/entrepreneurship-ict-ventures\/37266\" target=\"_blank\" rel=\"noopener noreferrer\">Enlace al libro<\/a><\/li>\n<\/ul>\n<ul>\n<li>Garc\u00eda Cabrera, A.M., Garc\u00eda Soto, M.G. (2009). \u201cReconocimiento de la oportunidad y emprendedur\u00eda de base tecnol\u00f3gica: un modelo din\u00e1mico\u201d. <strong>En Selecci\u00f3n de Investigaciones Empresariales. Convocatoria 2007<\/strong> (pp. 117-14). Fundaci\u00f3n FYDECajaCanarias: Tenerife, Espa\u00f1a.<br \/>\n<a href=\"https:\/\/www.fyde-cajacanarias.es\/publicaciones\/\" target=\"_blank\" rel=\"noopener noreferrer\">Enlace al libro<\/a><\/li>\n<\/ul>\n<ul>\n<li>Garc\u00eda Cabrera, A.M., Garc\u00eda Soto, M.G. (2008). \u201cNTC Co.: Seeking and screening technological venture opportunities in entrepreneurial start-ups\u201d. En Medina-Garrido, J.A., Mart\u00ednez Fierro, S., Ruiz Navarro, J. <strong>Cases on Information Technology Entrepreneurship<\/strong> (pp. 122-147). IGI Global: New York, USA.<br \/>\n<strong>SPI<\/strong>: 3,81 (Q3 en grupo editoriales extranjeras en 2012, primer a\u00f1o disponible)<br \/>\n<a href=\"https:\/\/www.igi-global.com\/book\/cases-information-technology-entrepreneurship\/136\" target=\"_blank\" rel=\"noopener noreferrer\">Enlace al libro<\/a><\/li>\n<\/ul>\n<\/div><\/div><\/div><\/div><\/div><\/p>\n","protected":false},"excerpt":{"rendered":"","protected":false},"author":1,"featured_media":0,"parent":0,"menu_order":0,"comment_status":"closed","ping_status":"closed","template":"","meta":[],"_links":{"self":[{"href":"https:\/\/eni.ulpgc.es\/index.php\/wp-json\/wp\/v2\/pages\/3623"}],"collection":[{"href":"https:\/\/eni.ulpgc.es\/index.php\/wp-json\/wp\/v2\/pages"}],"about":[{"href":"https:\/\/eni.ulpgc.es\/index.php\/wp-json\/wp\/v2\/types\/page"}],"author":[{"embeddable":true,"href":"https:\/\/eni.ulpgc.es\/index.php\/wp-json\/wp\/v2\/users\/1"}],"replies":[{"embeddable":true,"href":"https:\/\/eni.ulpgc.es\/index.php\/wp-json\/wp\/v2\/comments?post=3623"}],"version-history":[{"count":16,"href":"https:\/\/eni.ulpgc.es\/index.php\/wp-json\/wp\/v2\/pages\/3623\/revisions"}],"predecessor-version":[{"id":4412,"href":"https:\/\/eni.ulpgc.es\/index.php\/wp-json\/wp\/v2\/pages\/3623\/revisions\/4412"}],"wp:attachment":[{"href":"https:\/\/eni.ulpgc.es\/index.php\/wp-json\/wp\/v2\/media?parent=3623"}],"curies":[{"name":"wp","href":"https:\/\/api.w.org\/{rel}","templated":true}]}}